Let n be w(8). Let f = -176 - n. What are the prime factors of f?
103
Suppose 42300 = 4*z - 52*w + 47*w, w = 0. What are the prime factors of z?
3, 5, 47
Let y(u) = -u**3 - 7*u**2 - 9*u + 1. Suppose 2*n = -3*m - 5, -2*m = -2*n + 6*n + 22. Let t be y(n). What are the prime factors of t*(0 - 4/(-4))?
2
List the prime factors of ((-246)/(-328)*170/(-6))/(1/(-116)).
5, 17, 29
Let g = 1123 + -615. Suppose 501*j - g*j + 5593 = 0. List the prime factors of j.
17, 47
Let w(a) = -a**3 + a**2 + a. Let r(k) = -4*k**3 - k**2 + 14*k + 23. Let b(g) = -r(g) + 6*w(g). List the prime factors of b(-7).
2, 3, 59
Suppose 121*i - 19073703 = -50*i - 366*i. List the prime factors of i.
11, 3229
Let r be 3/(-3)*(-5)/((-15)/(-21)). Suppose r*l - 1920 = l. List the prime factors of l.
2, 5
Let w = 21647 + -6539. What are the prime factors of w?
2, 3, 1259
Let f(u) = -185*u - 90. List the prime factors of f(-39).
3, 5, 19
Suppose 13682 = -40*v + 42*v - 2*k, -4*v - 5*k + 27364 = 0. What are the prime factors of v?
6841
Let q = 21426 - 13338. List the prime factors of q.
2, 3, 337
Let r(h) = -14*h**2 + 1645*h + 123. List the prime factors of r(82).
41, 997
Let m be 756/81*(-18)/(-7) - 4. Suppose -m*r + 5494 = -4106. What are the prime factors of r?
2, 3, 5
Suppose -23*w - 5*u + 8865 = -20*w, 3*w - 2*u - 8823 = 0. What are the prime factors of w?
5, 19, 31
What are the prime factors of (-5)/((-15)/29466) - (-24)/(-4)?
2, 3, 409
Let q = 15 + -5. Suppose -4*o - 3*n + 31 = 0, o + 5*n = 2 + q. Let g(m) = -m**3 + 7*m**2 + 5. What are the prime factors of g(o)?
5
Let h(s) = 109*s**2 - 402*s - 21. List the prime factors of h(8).
3739
Let p = 89 - 85. Suppose 0 = p*j - 108 - 48. List the prime factors of -453*(4 + j/(-9)).
151
Let f be (2*(-3)/5)/(3/(-520)). Suppose -13*x + f = -5*x. Suppose x + 234 = 5*r + 5*y, 0 = 5*r + y - 268. What are the prime factors of r?
2, 3
What are the prime factors of 1569*2889/81 + -9?
2, 13, 269
Suppose -421960 = -57*z + 22*z. List the prime factors of z.
2, 11, 137
Let u = -45 - -47. Suppose -3*j + 0*j = o + 13, -4*o - 22 = u*j. What are the prime factors of (-370)/j + 30/18?
5
Let o(l) = l**3 - 5*l - 5. Let a be o(-2). Let s be (6/12*-5)/(a/6). Suppose 4*w + 10 - 410 = -2*t, -s*t = 3*w - 986. What are the prime factors of t?
2, 7
Let z(c) = -19*c**3. Let s be z(-1). Let m = -21 + s. List the prime factors of (-3 + (-5)/m)*-314.
157
Suppose a + u = -0 + 1, 0 = -2*a + 4*u + 20. Suppose 3*f = a*f - 2*f. Suppose f = 2*j + 2*l - 68, 2*l = l + 4. What are the prime factors of j?
2, 3, 5
Let m(k) = 3*k**2 + 7. Let v be (-6)/(-4) + (-9)/18 - -4. Let x be m(v). Let f = 86 - x. What are the prime factors of f?
2
Let i(k) be the first derivative of k**3/3 + 3*k**2/2 - 13*k + 1. Let v be i(-6). Suppose -10 = -3*p + p, -o + v*p + 70 = 0. List the prime factors of o.
5, 19
Let y = 1261 + -1258. Let x be (-19)/(-4) + 9/(-12). Suppose -3*m - 558 = -y*t, -6*t - m + 357 = -x*t. List the prime factors of t.
181
Let i be (-14)/4*(-12 - 0). Let s be (-1708)/(-5)*105/i. Suppose w + 6*w = s. What are the prime factors of w?
2, 61
Let n(l) = -29*l + 13*l - 43 + 17*l + 18*l. Let c be n(14). Suppose x + 104 = b, -2*b + 0*x = 3*x - c. What are the prime factors of b?
107
Let v(i) = -i**2 + 27*i + 38. Let u be v(28). What are the prime factors of (50 - 95)*(-46)/u?
3, 23
Suppose 0 = -4*o + 13*o. Suppose o = n + 5*l - 3*l - 359, 3*n = l + 1070. List the prime factors of n.
3, 7, 17
Let h(x) = x**3 - 9*x**2 + 15*x - 2. Let r be h(7). Suppose c = -r*q + 2143, 5*q - 2*c = 3*q + 862. What are the prime factors of q?
3, 11, 13
Let t be 5 + 8/(-4 + 0) + 1. Suppose 2*a = -t*z + 2666, 463 = -2*z + 4*a + 1791. List the prime factors of z.
2, 3, 37
Suppose -m = 4, -m - 766 = -5*t - 32. Let d = t - 24. Let a = d - 19. What are the prime factors of a?
103
Suppose -4*f = 2*n - 4672, 2346 = 2*f - 7*n + 3*n. What are the prime factors of f?
7, 167
Suppose 1 = b, 26*c + 4*b - 21868 = 22*c. List the prime factors of c.
2, 3, 911
Let n = 123 + -122. Let u(o) = 34*o**2 - 1. Let f be u(n). What are the prime factors of (f/22)/((-286)/(-280) - 1)?
2, 5, 7
Suppose -3*o + 28 = -164. Let d(y) = -71*y**3 - y**2 + 3*y + 1. Let k be d(-1). Suppose 2*i = r + k, -o = -5*i + 3*i + 2*r. List the prime factors of i.
2, 3
Suppose 499983 = 24*q + 151791. What are the prime factors of q?
2, 3, 13, 31
Suppose 2*h + 2*z - 4 = -2*h, 0 = -5*h + 4*z + 18. Suppose 0 = h*m + m - 3. What are the prime factors of (m - -32) + -5 + 5?
3, 11
Let u be 76/6 - (-3)/(-45)*-5. Suppose -u*v + 3756 = -7*v. What are the prime factors of v?
2, 313
List the prime factors of (-25)/(-350) - (-810845)/98.
2, 3, 7, 197
Let s = -40 + 40. Suppose x + 4*i - 102 = s, 0 = 5*i + 3 + 2. Let c = 100 + x. What are the prime factors of c?
2, 103
Let x be ((-16)/12)/(18/(-432675)). List the prime factors of x/42 + (-4)/42.
7, 109
Let t(j) = -758*j + 1373. What are the prime factors of t(-2)?
3, 107
Let m be (-233)/(-2)*8 - (-12 + 16). Suppose j - 5*j - 2*f + 920 = 0, 0 = -4*j + 2*f + m. List the prime factors of j.
3, 7, 11
Let f = -25 - -27. Suppose -u - 5 + 0 = -f*i, -3*u = 2*i - 9. Suppose -5*s + i*s + 140 = 0. List the prime factors of s.
2, 5, 7
Let d = 5384 + -3455. List the prime factors of d.
3, 643
Let b be (2/8)/((5/(-60))/(-1)). Suppose -b*t + 24 = t. Suppose t*l - l = 320. What are the prime factors of l?
2
Suppose c = -2*c + 399. Let o = -309 + 309. Suppose -3*f - 2*n = -n - c, o = -3*n - 15. List the prime factors of f.
2, 23
List the prime factors of 144/(-64) - 12548/(-16).
2, 17, 23
Let r(q) = -2*q**2 - 17*q - 10. Let a be r(-7). Suppose a*c - 21*c = 2620. Let p = c + 485. List the prime factors of p.
223
Suppose 1612928 = 977*h - 945*h. List the prime factors of h.
2, 12601
Let p(d) = -d**2 + 51*d**3 - 50*d**3 - 4*d**2 - 11*d + 9. Let y be p(7). Let j = y - -79. What are the prime factors of j?
109
Let c(t) = 197*t**3 - 2*t**2 + 12*t + 13. Let m be c(-1). List the prime factors of 36/m + (-17318)/(-22).
787
Let o(c) = 29*c**2 - 5*c - 6. Let h be o(-1). Suppose -31*z + h*z = -930. List the prime factors of z.
2, 5, 31
Suppose -139*u - 8408114 - 920616 = -549*u. What are the prime factors of u?
61, 373
Suppose 5*r + 25 = -6*l + l, r = 5*l + 1. Let x be r/22 + -2 + 21440/(-55). Let t = 560 + x. List the prime factors of t.
2, 3, 7
Suppose -7*t + 3*t - 4 = 0. Let s be 1 + 1/(-1) + (t - -4). Suppose -s*w + 360 = -0*w. List the prime factors of w.
2, 3, 5
Suppose -18084 = 65*n - 66*n - 3*m, -36156 = -2*n - 3*m. List the prime factors of n.
2, 3, 251
Suppose -58*y = -996347 - 727065. What are the prime factors of y?
2, 83, 179
Let i = 17485 + 2083. What are the prime factors of i?
2, 1223
Let u(n) = -3*n**2 + n - 7. Let t be u(-3). Let o = t - -88. Let i = 195 - o. List the prime factors of i.
2, 3
Let k be 9*((-145)/(-45) + -3). Suppose -2*d - 188 = -k*a, d + 3 = 1. Suppose -9*y + w = -5*y - 123, -w - a = -3*y. List the prime factors of y.
31
Suppose -5*s + 2*r = -9*s + 4212, 0 = 4*r - 16. What are the prime factors of -4 - (s - -5)/(-3)?
2, 3, 29
Let d(j) = 20*j**2 - 14. Let x(w) = -w**2 + 6*w + 43. Let b be x(10). What are the prime factors of d(b)?
2, 83
Suppose 0 = 6*h - 13*h - 210. What are the prime factors of 5/2*(0 + (-888)/h)?
2, 37
Suppose 10*h = -1028 - 542. List the prime factors of ((-1)/(-2))/(2/4) - h.
2, 79
Let d(m) = -136*m - 5*m**2 + 5*m**2 + 4*m**2 + 64*m + 126 + 71*m. What are the prime factors of d(15)?
3, 337
Let f(h) = -11*h**2 + 39*h - 19. Let q(g) = 26*g**2 - 77*g + 39. Let z(a) = -5*f(a) - 2*q(a). List the prime factors of z(-14).
3, 131
Let f = 243 + -238. Suppose x + 0*x = f*k - 2242, 2*x = 6. What are the prime factors of k?
449
Let n(u) = 1 + 8*u**2 - 19*u + 7*u**2 + 21*u + 0. What are the prime factors of n(-1)?
2, 7
Suppose 12*n + 12070 + 27002 - 204588 = 0. What are the prime factors of n?
13, 1061
Let p = 5648 - -2740. List the prime factors of p.
2, 3, 233
Suppose -5*j - 2*n - 10 = 0, j + 17 = 5*n - 12. What are the prime factors of j + 1555/2*104/65?
2, 5, 31
Let x(y) = y**3 + 26*y**2 - 19*y + 24. What are the prime factors of x(-21)?
2, 3, 73
What are the prime factors of (-58)/522 + (-141500)/(-18)?
7, 1123
Let p be (2 + 8/(-3))*120/(-16). What are the prime factors of p + -9 + 2 - -224?
2, 3